t is -2 + -7054741?
-7054743
In base 16, what is -119fdc - -1af?
-119e2d
In base 13, what is 1 + -58a3c7?
-58a3c6
In base 13, what is a + -28482?
-28475
In base 15, what is 3c9d5 - -1ec?
3cbd2
In base 13, what is -87b82 - 36?
-87bb8
In base 4, what is -210321 + -1210321?
-2021302
In base 14, what is 129 - 195c2?
-19497
In base 5, what is -212342 + 20332?
-142010
In base 6, what is 210 + 324524?
325134
In base 8, what is 0 - -137402430?
137402430
In base 7, what is 10525 + -10131?
364
In base 16, what is -2d379 + -5fd?
-2d976
In base 15, what is 533bb6 + 0?
533bb6
In base 9, what is 163316 + -21?
163285
In base 9, what is 1213 - 2155037?
-2153724
In base 12, what is 6816772 + 0?
6816772
In base 5, what is -1012 - 3321034?
-3322101
In base 8, what is 2 + -1070163311?
-1070163307
In base 11, what is -6115 + -12?
-6127
In base 5, what is -4 + 1011333342?
1011333333
In base 11, what is -a + -890337?
-890346
In base 3, what is -100200 - -1020011121111?
1020011020211
In base 12, what is 6235 - 21aa3?
-1786a
In base 9, what is -21780 + -502?
-22382
In base 12, what is -b5b + 4369?
340a
In base 14, what is 166 + -9332?
-91aa
In base 16, what is 71b8 + 1bfc?
8db4
In base 13, what is -25ab13 + -2?
-25ab15
In base 14, what is 1 + 140b506?
140b507
In base 10, what is -4668 - 1068?
-5736
In base 7, what is -1162255 - 233?
-1162521
In base 13, what is 172277 + -14?
172263
In base 6, what is -221102501 - 350?
-221103251
In base 15, what is 2 - 313819b?
-3138199
In base 9, what is 1647 + -14324?
-12566
In base 3, what is 20211012 - 22220?
20111022
In base 8, what is -104607 - -637?
-103750
In base 8, what is -10435411 + 0?
-10435411
In base 13, what is 27 - 12c422c?
-12c4205
In base 10, what is -220 - -5819629?
5819409
In base 11, what is -35 + -58547?
-58581
In base 11, what is -153768a9 + 15?
-15376894
In base 12, what is -2197 - 132005?
-1341a0
In base 8, what is -1675052 - 0?
-1675052
In base 2, what is 100 - -111111010110000000000?
111111010110000000100
In base 5, what is 12110311 + 111?
12110422
In base 16, what is -89b3d9 + 0?
-89b3d9
In base 13, what is -2 - 39c90a3?
-39c90a5
In base 6, what is -10340204254 + -3?
-10340204301
In base 16, what is 56397 + -340?
56057
In base 4, what is -3 - 1223130102012?
-1223130102021
In base 14, what is 3 - b595826?
-b595823
In base 13, what is -13a216 - 16?
-13a22c
In base 15, what is 412a + 3ad?
44d8
In base 15, what is 1b829aa + 0?
1b829aa
In base 2, what is -1001110001000100111100101101 + 100?
-1001110001000100111100101001
In base 2, what is 111111011001001110111110001 - 110?
111111011001001110111101011
In base 9, what is -4075217 - -7?
-4075210
In base 8, what is 241740547 - -5?
241740554
In base 16, what is 1d167d0 + -3?
1d167cd
In base 16, what is a6 - -514af?
51555
In base 10, what is 27 + 884368?
884395
In base 9, what is 1854878 - -12?
1855001
In base 3, what is 1100112 + 1001221200?
1010022012
In base 5, what is 1322040 - -1000?
1323040
In base 6, what is -232355 - 2543?
-235342
In base 16, what is -3c0f92 - a?
-3c0f9c
In base 6, what is 31 - -1541544305?
1541544340
In base 14, what is 57783395 - 2?
57783393
In base 8, what is -22632346 - -277?
-22632047
In base 12, what is 8805a35 - a?
8805a27
In base 2, what is -100 - -101010101100101111011110?
101010101100101111011010
In base 13, what is 705 - -61061?
61766
In base 13, what is 241 + 126b7c?
1270c0
In base 15, what is 2 - -45b8ac?
45b8ae
In base 16, what is -23975 - 2ec?
-23c61
In base 16, what is -c - -60817?
6080b
In base 2, what is -1011111110101101 + -100000110?
-1100000010110011
In base 4, what is 3 - -2311132130312?
2311132130321
In base 6, what is 4 - -1040104430?
1040104434
In base 11, what is -3 + 166a762?
166a75a
In base 13, what is -6 + -931a015?
-931a01b
In base 8, what is 370 + 116420?
117010
In base 6, what is -354511110 - 5?
-354511115
In base 5, what is 4022 + -2424413?
-2420341
In base 7, what is 3430320 - -2313?
3432633
In base 16, what is 3 + 36b18fe?
36b1901
In base 12, what is 31021a24 - -6?
31021a2a
In base 6, what is 3232554 + 2?
3233000
In base 4, what is 1223003221320203 + -1?
1223003221320202
In base 10, what is -28 + 249555?
249527
In base 14, what is 53023 + 653?
53676
In base 16, what is -3b - a21a9c?
-a21ad7
In base 7, what is -513345 + -5566?
-522244
In base 5, what is 20432430313 + 3?
20432430321
In base 3, what is -1100222 + 2200100?
1022101
In base 3, what is 0 - 121010202020211?
-121010202020211
In base 6, what is -2234202 + -45?
-2234251
In base 13, what is 83c43a6 + 2?
83c43a8
In base 2, what is 110011 - 10101010101101110?
-10101010100111011
In base 5, what is 20424243230 + -2?
20424243223
In base 11, what is -3085 + 414?
-2771
In base 6, what is 2302343011 + 3?
2302343014
In base 8, what is 166 - 356631?
-356443
In base 10, what is 737 - -11112?
11849
In base 13, what is -1b + -7998608?
-7998626
In base 10, what is -5180 - -2690?
-2490
In base 6, what is 20303 + 3125244?
3145551
In base 3, what is 222 + -100122101111011?
-100122101110012
In base 16, what is -142de6 - 1f6?
-142fdc
In base 2, what is 111110110100100001011111101 - 0?
111110110100100001011111101
In base 6, what is -120113 + -3132?
-123245
In base 13, what is -6a84 + -20aa?
-8b61
In base 15, what is -8dabd - 189?
-8dc57
In base 9, what is 577 - 1880?
-1302
In base 10, what is -18903990 + -2?
-18903992
In base 4, what is -31021 + -10002233?
-10033320
In base 5, what is -134342322 - 11?
-134342333
In base 2, what is 1010100110100001 + -10101010100?
1010010001001101
In base 14, what is -a54 + -6530?
-7184
In base 6, what is 202203115 + 5?
202203124
In base 3, what is -10012020210 + 10012021?
-10002001112
In base 11, what is 5 + 11a7682?
11a7687
In base 5, what is 40 - 14334?
-14244
In base 2, what is -11101100 + 11000110010?
10101000110
In base 15, what is -3908330 + -2?
-3908332
In base 3, what is 111 + -2001112000002002?
-2001112000001121
In base 2, what is -1101011111100 + 1001011011011?
-100000100001
In base 10, what is 146998 - 7781?
139217
In base 2, what is 11010100100000010110101111 + 100?
11010100100000010110110011
In base 7, what is -5344164415 - -1?
-5344164414
In base 12, what is -1 - -28381a?
283819
In base 2, what is 1011011010110100 - 111011010?
1011010011011010
In base 10, what is -1 + 264000883?
264000882
In base 2, what is 1100111110010 - 111101?
1100110110101
In base 12, what is b9708 - 2?
b9706
In base 14, what is 5 - -155c25?
155c2a
In base 10, what is -159223 - -3893?
-155330
In base 7, what is -42650 - -1442?
-41205
In base 5, what is 214022130224 - 1?
214022130223
In base 15, what is 2b106 - 376?
2ac80
In base 6, what is 40242102404 - 3?
40242102401
In base 4, what is 3 + 32333110?
32333113
In base 16, what is 33047ba - 4?
33047b6
In base 15, what is -445 - 6d14?
-7259
In base 5, what is 23 - -12021304212?
12021304240
In base 11, what is -24183a - 1a?
-241859
In base 9, what is -50003 + -375?
-50378
In base 14, what is a1d6 + 667?
a85d
In base 8, what is -2 - 11574655?
-11574657
In base 9, what is -36 + -20604?
-20641
In base 12, what is 210 + -189205?
-188bb5
In base 10, what is -137679471 + 4?
-137679467
In base 7, what is 540262 + -116?
540143
In base 3, what is -11 + -2101100000121102?
-2101100000121120
In base 2, what is -100100 - 10000011011110?
-10000100000010
In base 12, what is -1 + 88312b?
88312a
In base 6, what is 133200 - -15150?
152350
In base 2, what is 100101101111001111 + 1010000101001?
100110111111111000
In base 7, what is -214 - -12102645?
12102431
In base 15, what is 0 - -e23b5d?
e23b5d
In base 11, what is -8aa + 795966?
795067
In base 15, what is -ea471d + -1?
-ea471e
In base 15, what is 2 - -1c1d0c5c?
1c1d0c5e
In base 9, what is 6643021 + -2?
6643018
In base 2, what is -1110000101110101101000000011 + 101?
-1110000101110101100111111110
In base 14, what is c + -3c5292?
-3c5284
In base 8, what is -123544531 - 3?
-123544534
In base 14, what is -2514d0 - -1a?
-2514b4
In base 11, what is 1466a7 + -105?
1465a2
In base 10, what is 52 - 11131?
-11079
In base 6, what is -32 + -421100?
-421132
In base 8, what is -2 + -120600763?
-120600765
In base 8, what is 21564747 - 162?
21564565
In base 11, what is -20627a + 122?
-206158
In base 13, what is 3 + 131bb7a?
131bb80
In base 16, what is -d852e4 - -4?
-d852e0
In base 10, wh